1
What is the remainder when 2684104 is divided by 286?
280
What is the remainder when 60822 is divided by 57?
3
What is the remainder when 15314 is divided by 68?
14
Calculate the remainder when 39371 is divided by 13118.
17
Calculate the remainder when 87575 is divided by 43777.
21
Calculate the remainder when 17187 is divided by 12.
3
Calculate the remainder when 33792 is divided by 1090.
2
What is the remainder when 2204 is divided by 54?
44
What is the remainder when 119307 is divided by 3?
0
What is the remainder when 293485 is divided by 82?
7
Calculate the remainder when 4703 is divided by 68.
11
What is the remainder when 210721 is divided by 105325?
71
What is the remainder when 106 is divided by 83?
23
Calculate the remainder when 97752 is divided by 735.
732
What is the remainder when 43975 is divided by 7329?
1
Calculate the remainder when 69545 is divided by 214.
209
Calculate the remainder when 1606 is divided by 15.
1
What is the remainder when 1170 is divided by 386?
12
Calculate the remainder when 702116 is divided by 49.
44
Calculate the remainder when 193975 is divided by 1366.
3
What is the remainder when 441388 is divided by 25?
13
Calculate the remainder when 27867 is divided by 77.
70
Calculate the remainder when 17678 is divided by 3533.
13
Calculate the remainder when 243507 is divided by 5.
2
Calculate the remainder when 337790 is divided by 327.
326
What is the remainder when 4741 is divided by 715?
451
Calculate the remainder when 393 is divided by 110.
63
What is the remainder when 1502 is divided by 1441?
61
What is the remainder when 421608 is divided by 63?
12
Calculate the remainder when 1703 is divided by 44.
31
What is the remainder when 2173 is divided by 229?
112
What is the remainder when 1194 is divided by 131?
15
What is the remainder when 765100 is divided by 153016?
20
Calculate the remainder when 8221 is divided by 1967.
353
What is the remainder when 33195 is divided by 739?
679
Calculate the remainder when 97007 is divided by 172.
171
What is the remainder when 1116 is divided by 27?
9
Calculate the remainder when 12136 is divided by 12108.
28
What is the remainder when 90953 is divided by 14?
9
Calculate the remainder when 7262 is divided by 9.
8
What is the remainder when 3098 is divided by 2740?
358
What is the remainder when 3874 is divided by 17?
15
What is the remainder when 11465 is divided by 11465?
0
Calculate the remainder when 1958 is divided by 142.
112
Calculate the remainder when 7609 is divided by 3801.
7
What is the remainder when 12734 is divided by 12725?
9
Calculate the remainder when 23219 is divided by 143.
53
Calculate the remainder when 30395 is divided by 742.
715
Calculate the remainder when 16685 is divided by 288.
269
What is the remainder when 236770 is divided by 77?
72
Calculate the remainder when 3632161 is divided by 249.
247
What is the remainder when 513 is divided by 40?
33
What is the remainder when 28247 is divided by 125?
122
What is the remainder when 84996 is divided by 9441?
27
What is the remainder when 11256 is divided by 84?
0
Calculate the remainder when 83 is divided by 33.
17
Calculate the remainder when 174989 is divided by 407.
386
Calculate the remainder when 971 is divided by 640.
331
What is the remainder when 1579 is divided by 602?
375
Calculate the remainder when 217423 is divided by 669.
667
Calculate the remainder when 3948 is divided by 140.
28
Calculate the remainder when 75753 is divided by 118.
115
What is the remainder when 94452 is divided by 21?
15
Calculate the remainder when 936492 is divided by 762.
756
What is the remainder when 105986 is divided by 841?
20
Calculate the remainder when 4773 is divided by 1287.
912
What is the remainder when 785 is divided by 675?
110
Calculate the remainder when 6886 is divided by 15.
1
Calculate the remainder when 108776 is divided by 15.
11
Calculate the remainder when 36092 is divided by 1289.
0
Calculate the remainder when 1761 is divided by 817.
127
What is the remainder when 2822 is divided by 20?
2
What is the remainder when 877326 is divided by 403?
398
Calculate the remainder when 22916 is divided by 10.
6
Calculate the remainder when 348658 is divided by 398.
10
Calculate the remainder when 37464 is divided by 2294.
760
Calculate the remainder when 81263 is divided by 1982.
1
What is the remainder when 27954 is divided by 298?
240
What is the remainder when 2957 is divided by 109?
14
What is the remainder when 897568 is divided by 37?
22
What is the remainder when 6990 is divided by 701?
681
What is the remainder when 49486 is divided by 255?
16
Calculate the remainder when 2335 is divided by 167.
164
What is the remainder when 29430 is divided by 82?
74
What is the remainder when 5174 is divided by 207?
206
Calculate the remainder when 8471280 is divided by 331.
328
What is the remainder when 7937 is divided by 265?
252
Calculate the remainder when 263935 is divided by 3999.
1
What is the remainder when 6503 is divided by 121?
90
What is the remainder when 15114 is divided by 3778?
2
What is the remainder when 6991 is divided by 1160?
31
What is the remainder when 66200 is divided by 3894?
2
Calculate the remainder when 3187 is divided by 3160.
27
What is the remainder when 3179087 is divided by 528?
527
Calculate the remainder when 693274 is divided by 173312.
26
What is the remainder when 52167 is divided by 10427?
32
What is the remainder when 6168 is divided by 343?
337
What is the remainder when 558641 is divided by 21?
20
Calculate the remainder when 9635 is divided by 1653.
1370
What is the remainder when 4505 is divided by 64?
25
What is the remainder when 419238 is divided by 20?
18
Calculate the remainder when 7578 is divided by 3390.
798
Calculate the remainder when 16862 is divided by 57.
47
What is the remainder when 12916 is divided by 1175?
1166
What is the remainder when 31687 is divided by 7920?
7
What is the remainder when 50527 is divided by 421?
7
What is the remainder when 7925 is divided by 150?
125
What is the remainder when 15984 is divided by 448?
304
Calculate the remainder when 3688 is divided by 284.
280
What is the remainder when 10917 is divided by 105?
102
Calculate the remainder when 128369 is divided by 64176.
17
What is the remainder when 2617 is divided by 341?
230
Calculate the remainder when 6980 is divided by 160.
100
Calculate the remainder when 26533 is divided by 435.
433
Calculate the remainder when 15613 is divided by 28.
17
What is the remainder when 170824 is divided by 229?
219
What is the remainder when 38460 is divided by 109?
92
What is the remainder when 5071 is divided by 507?
1
Calculate the remainder when 19368 is divided by 4838.
16
What is the remainder when 10653 is divided by 10636?
17
What is the remainder when 49004 is divided by 47?
30
Calculate the remainder when 623 is divided by 263.
97
Calculate the remainder when 82253 is divided by 9.
2
What is the remainder when 7341 is divided by 293?
16
Calculate the remainder when 1635 is divided by 386.
91
Calculate the remainder when 2073643 is divided by 1135.
1133
What is the remainder when 6919 is divided by 1369?
74
Calculate the remainder when 554940 is divided by 554936.
4
Calculate the remainder when 8106 is divided by 49.
21
What is the remainder when 2441 is divided by 623?
572
What is the remainder when 1015181 is divided by 147?
146
Calculate the remainder when 601419 is divided by 300703.
13
Calculate the remainder when 191284 is divided by 95639.
6
Calculate the remainder when 52787 is divided by 5831.
308
What is the remainder when 846 is divided by 148?
106
What is the remainder when 5282 is divided by 405?
17
Calculate the remainder when 10153 is divided by 1400.
353
Calculate the remainder when 4048 is divided by 583.
550
What is the remainder when 83051 is divided by 483?
458
Calculate the remainder when 70999 is divided by 271.
268
What is the remainder when 5365 is divided by 669?
13
Calculate the remainder when 2035 is divided by 643.
106
What is the remainder when 5597 is divided by 104?
85
Calculate the remainder when 78197 is divided by 39098.
1
Calculate the remainder when 34858 is divided by 148.
78
What is the remainder when 341068 is divided by 5167?
